2
Let n = 476 + -474. Calculate the highest common factor of n and 4.
2
Let z = 344 + -216. Calculate the greatest common factor of z and 224.
32
Let d = -845 - -940. What is the highest common factor of d and 57?
19
Suppose 13*k + k = 588. What is the greatest common divisor of k and 7?
7
Suppose r - 30 = -3*q - r, 0 = 5*q - r - 50. Suppose -4*w + 74 - q = 0. Calculate the greatest common factor of 40 and w.
8
Suppose -3*k = -6*k. Suppose -4*t + 30 + 26 = -4*v, k = -5*t + 4*v + 66. Suppose -i + 3 = -22. Calculate the greatest common factor of t and i.
5
Let d = -14 - -4. Let k be (-1 + d)/((-1)/1). Suppose -3*j + 65 - k = 0. Calculate the greatest common factor of 54 and j.
18
Let q = 896 - 792. What is the highest common divisor of q and 16?
8
Let d be (-5)/20*-4 - -188. Suppose 0 = 9*t - d - 819. What is the highest common factor of 16 and t?
16
Let c(n) = n**3 - 9*n**2 + 21*n + 12. Let y be c(6). Calculate the highest common factor of 3930 and y.
30
Let u(o) = 3*o + 18. Let i be u(0). Let w(t) = t**2 + 7*t - 4. Let m be w(-6). Let d = i + m. Calculate the greatest common factor of 8 and d.
8
Suppose -3*b - 3*g = -165, 2*g - 68 = -b - 15. Calculate the highest common factor of b and 95.
19
Let i(y) = -y**3 - 5*y**2 + 4*y + 10. Let v be i(-7). Suppose 2*b + v = 6*b. Suppose -5*t = -t - 32. What is the highest common divisor of t and b?
4
Suppose -5 = -l + 27. Let f = l - -10. Calculate the greatest common factor of 63 and f.
21
Suppose 0 = -12*r - 0*r + 312. What is the greatest common divisor of r and 143?
13
Suppose 5*o - 7*o - 24 = 0. Let s(a) = -a**2 - 14*a + 16. Let y be s(o). What is the greatest common divisor of y and 8?
8
Let v be 3/(6/1)*12. Let i be 3/9 - (-10)/v. Calculate the highest common divisor of i and 20.
2
Let c = -1713 - -2160. Calculate the greatest common factor of c and 6.
3
Let w = -248 - -273. What is the highest common divisor of 675 and w?
25
Let y = -66 + 0. Let a = y + 246. Let m be 732/36 + (-2)/6. What is the greatest common factor of a and m?
20
Let g = 27 + -11. Let u = g - 1. Calculate the highest common factor of u and 165.
15
Suppose -867 = 4*t - 2467. Calculate the highest common factor of 40 and t.
40
Let s(j) = -5*j**3 - 22*j**2 - 3*j + 24. Let a be s(-5). What is the greatest common factor of 24 and a?
6
Suppose -7*h + 1449 = -4*h. What is the greatest common factor of 21 and h?
21
Let z(o) = 7*o**3 + 7*o**2 - o - 3. Let l be z(5). Suppose 202 = -10*k + l. What is the highest common divisor of k and 42?
42
Let v(y) = -6*y**2 + 66*y - 14. Let o be v(10). Calculate the highest common factor of 46 and o.
46
Suppose 0 = 2*d - 86 + 92, -d = -3*q + 1179. Calculate the greatest common factor of 49 and q.
49
Let x be -4 + (1 + -1)/4. Let c be ((-6)/(-4))/((-4)/16). Let j be 693/27 - x/c. Calculate the highest common factor of 5 and j.
5
Suppose -65 + 133 = d. Let k = d + -47. What is the greatest common factor of 231 and k?
21
Suppose 3908 = 5*n - 4*d, -d - 360 - 3557 = -5*n. What is the greatest common divisor of 16 and n?
16
Suppose 0 = 6*t - 2*t - 20. Suppose -2*m = 1 - t. Suppose -m*d + 10 = -d. Calculate the greatest common factor of 50 and d.
10
Let m be 344/((-4)/2)*1. Let l be -9*(-4 + m/12). Calculate the greatest common divisor of l and 15.
15
Suppose 5*c - 2*y = 270, -2*c - 34 + 142 = -y. Calculate the highest common divisor of c and 738.
18
Let z(n) = n**2 + 9*n - 38. Let v be z(6). What is the greatest common divisor of 78 and v?
26
Let t be (-5 - 37)*(-16)/3. Suppose 46*y = 1193 + 95. What is the greatest common divisor of t and y?
28
Let g be 1 + -1 + 60/15. Let c be g/(-2*2)*0. Suppose c = -2*z + 10 + 6. Calculate the highest common divisor of 32 and z.
8
Suppose 25*x - 75 = 10*x. What is the greatest common factor of 85 and x?
5
Let m be (-2)/(-4) - (-50)/4. Let j = m + -9. Let c be -3 + 1/1 + j. Calculate the greatest common factor of c and 6.
2
Let c(w) = 5*w**2 - 4*w + 2. Let x be c(2). Suppose 10*v + 151 - 361 = 0. What is the highest common divisor of v and x?
7
Let z = -183 - -228. What is the highest common factor of z and 9?
9
Suppose -3*x + o = -155, 0 = -35*x + 30*x + 2*o + 260. Calculate the highest common divisor of 170 and x.
10
Let u = 3155 + -3064. Calculate the highest common divisor of u and 5551.
91
Let f = -142 + 140. Let u be 0 + -1 - (17 + 0). Let p = f - u. What is the highest common divisor of p and 80?
16
Suppose -a = -0*a - 16. Let p be (-903)/(-12) - 4/a - 3. What is the greatest common factor of 48 and p?
24
Let d(y) = -y + 22. Let p be d(8). Let f be ((-7)/p)/(2/(-252)). Calculate the greatest common divisor of f and 7.
7
Suppose 2*j - 3*z = 4*j - 34, -2*j + 30 = z. What is the greatest common factor of j and 301?
7
Let a = 39 + -37. Suppose -4*j + 20 = 5*s, -3*j + 0*s = 5*s - 20. Suppose -2*k - 4*t - 8 = 2*k, j = 3*t + 9. What is the greatest common factor of k and a?
1
Suppose -5*b = -a + 316, -4*b - 4*a - 368 = -96. Let w = b - -70. What is the highest common divisor of 78 and w?
6
Let l(z) = z**3 - 13*z**2 + 19*z + 52. Let y be l(12). Calculate the greatest common factor of y and 357.
17
Suppose 49*y + 1 = 50*y. Calculate the greatest common factor of 4 and y.
1
Let v = 66 + -27. Let s(q) = -18*q + 88. Let z be s(6). Let f = v + z. What is the greatest common factor of 190 and f?
19
Suppose 5*k + 410 = -3*n, 267 = -2*n + 5*k - 2*k. Let y be (-30)/(-25)*-1*n. What is the highest common divisor of 18 and y?
18
Suppose -4 + 32 = -4*q. Let d be 11 + q - (81*1)/(-1). What is the greatest common factor of d and 5?
5
Suppose 39 + 123 = 6*n. Calculate the highest common divisor of n and 27.
27
Let h(i) = i**3 - 2*i**2. Let c be h(0). Suppose 3*o - 5*s - 202 = c, 0*o - s = -o + 66. Calculate the highest common factor of o and 96.
32
Let a = -64 + 68. Suppose a*m + 18 = z, 3*m - 3 = 4*z - 23. What is the highest common divisor of z and 10?
2
Let f = -908 + 936. Calculate the greatest common divisor of f and 182.
14
Let w be (6/(-21))/((-1)/14). Let r be -5 + (w - 0) - -7. Suppose 0 = -3*l + 216 - 72. What is the greatest common divisor of r and l?
6
Let j be 585/30 + -20 - 101/(-2). What is the highest common divisor of 110 and j?
10
Let c = -193 - -301. Suppose 3*j - 3*u = 27, -2*j - 5*u + 55 = 3*j. Let s be (j/(-6))/((-3)/c). What is the highest common divisor of 24 and s?
12
Let s(o) = -11*o - 58. Let l be s(-6). Let x be (2 + (-4)/3)*6. What is the highest common divisor of x and l?
4
Suppose 34*i - 2090 = 24*i. What is the highest common factor of 38 and i?
19
Suppose x - 2157 = -476. Calculate the highest common factor of 41 and x.
41
Let m(w) = w**3 + 9*w**2 + 8*w + 8. Let v(r) = r**3 + r**2 + 3*r + 2. Let b be v(-2). Let s be m(b). What is the greatest common divisor of s and 64?
8
Let v = -28 + 44. Let u be 48/10*(400/(-12))/(-1). Suppose -3*j = -13*j + u. What is the greatest common divisor of j and v?
16
Suppose u - 6*u + 340 = 0. Suppose -u = -f - 0*f. Let j = -37 + f. What is the highest common factor of 31 and j?
31
Suppose -335 = -4*i - 55. Let l = 17 + 14. Let z = 66 - l. Calculate the greatest common divisor of z and i.
35
Suppose 176 = 2*y - 2*t, 0 = -3*t + 3 + 9. Suppose 49*s - y = 45*s. Let m = 79 - s. Calculate the highest common divisor of 7 and m.
7
Let w(s) = 24*s**3 + 4*s**2 - 7*s - 4. Let r be w(2). Calculate the highest common factor of r and 120.
10
Let u be (3 - (-3 + 3))*219/(-9). Let k = u - -109. What is the highest common divisor of k and 144?
36
Suppose -39*t + 3680 = 7*t. Calculate the greatest common divisor of 10 and t.
10
Let f be 1/3 - 20/6. Let j be 114/(-3)*f/2. Suppose 5 = z, 5*o = 5*z + j + 63. What is the highest common factor of 29 and o?
29
Let l(t) = t. Let h be l(3). Suppose 23 = 4*n + h. Suppose 0 = 3*d - 50 + n. Calculate the greatest common factor of d and 5.
5
Suppose 67*l + 270 = 69*l. What is the greatest common factor of l and 15?
15
Suppose 0 = 21*d - 20*d - 4. Suppose 49 - 9 = d*u. What is the highest common factor of 50 and u?
10
Let r(f) = 6*f**2 - 2*f + 4. Let c be r(-4). Let p = -72 + c. Let m be (-17)/(-2) + (-6)/(-12). Calculate the highest common divisor of m and p.
9
Let u = -8 - -12. Suppose 5*v + 2*t = -2*t + 119, 3*t + 120 = u*v. Let x(l) = 4*l**2 - 1. Let n be x(1). Calculate the greatest common fa